 485?
9
Let c = 1223 - 857. Let k = c - 229. What is the units digit of k?
7
Let p(k) = 2*k**2 + 9*k + 6. Let l(q) = -q**2 - 5*q - 3. Let z(r) = 7*l(r) + 4*p(r). What is the units digit of z(-2)?
5
Let c(n) = -2*n**2 + 14*n - 22. Let m be c(4). Suppose -2*v + 4*p = -240, 2*v - p = -m*p + 245. What is the tens digit of v?
2
Let s be 363/(-77) - 4/14. Let b(u) = -2*u - 7. Let m be b(s). Suppose 4*i = -5*l + 88, -i + 22 = 2*l - m. What is the tens digit of i?
1
Let k(u) = 2*u**2 + 13. Suppose c - 4 = -0*c. What is the tens digit of k(c)?
4
Let k = -1195 + 2559. What is the units digit of k?
4
Let t(s) = -10*s - 5. Let w(p) = p + 1. Let c(r) = t(r) + 6*w(r). Let k be c(-2). Let j(h) = -h**2 + 14*h - 13. What is the units digit of j(k)?
2
Let v be -3 + 1 - 18/(-3). Suppose 2*o + a = -a + 24, v*o - 2*a = 30. What is the tens digit of -9*6/o*-7?
4
Let r = 394 - -57. What is the units digit of r?
1
Let o = 20 + -4. Let c = -5 - o. Let v = 44 + c. What is the units digit of v?
3
Let p(f) = 7*f + 2. Let y be p(2). Suppose n - y = -q, -n - n + 4*q = -32. What is the tens digit of 274/n - (-4)/(-32)?
1
Let r be (-2)/1 - 1 - (5 - 2). What is the tens digit of 12/8*(-472)/r?
1
Let t = 183 + -21. Suppose -3*o + 6 = -5*o. What is the units digit of (1/(-2))/(o/t)?
7
Suppose 17*u = 30*u - 16848. What is the units digit of u?
6
Suppose -6 = -8*z + 34. Suppose -732 - 343 = -z*d. What is the units digit of d?
5
Let r = 1071 + -660. What is the units digit of r?
1
Let x = -110 - -190. Let j be (-2 - -3)/(2/x). Suppose -3*q - j = -4*q. What is the tens digit of q?
4
Let c(l) = -2*l**3 + 29*l - 18. What is the tens digit of c(-12)?
9
Suppose 3*b = -3*p - 12, 5*p - 6*b + 2*b = 16. Suppose p = 7*l - 274 - 279. What is the tens digit of l?
7
Let v = 799 + 197. What is the units digit of v?
6
Suppose 6*m - 72 = 12*m. Let a(o) = -24*o + 22. What is the hundreds digit of a(m)?
3
Suppose -d = 5*q - 2069 - 1944, -3*q + 12099 = 3*d. What is the thousands digit of d?
4
Suppose 3*d + 4*z = -10, 9*d - 4*d = -2*z - 40. Let o = 14 + d. Suppose -6 = -5*f + o. What is the units digit of f?
2
Let j(o) = 9*o - 22. Suppose -2*c + 11 + 11 = 0. What is the units digit of j(c)?
7
Let p = 1909 + -1223. What is the units digit of p?
6
Suppose -i = -0*i - 36. Let k = -24 + i. Suppose -110 = -14*d + k*d. What is the tens digit of d?
5
Suppose 0*x - 44 = -4*x + i, -5*i = 4*x - 20. Let n be ((-8)/x)/((-1)/5). Suppose 5*l + 5*u = 195, n*l + 4*u = -l + 198. What is the units digit of l?
2
Let a = 4 + 1. Suppose 0 = -a*j + 3*j + 4. Suppose -109 = -3*o - j*u + 4*u, -3*o + 3*u + 108 = 0. What is the tens digit of o?
3
Suppose 33*l = 48*l - 49710. What is the tens digit of l?
1
Let x(l) = -l**2 - 2*l + 3. Let z be x(-3). Suppose z = v + 20 - 92. What is the units digit of v?
2
Suppose 0 = 5*b + 3*s - 3124, 4*b + 5*s = 1471 + 1036. What is the tens digit of b?
2
Let x be 260/15*(-6 - 0)*-1. Suppose 32 = -r + x. What is the tens digit of r?
7
Let i = 3855 - 2115. Suppose 5*y + i = 11*y. What is the hundreds digit of y?
2
Suppose 0*f - f + 30 = 2*l, -4*f = -3*l - 153. What is the units digit of (f/(-15))/((-12)/210)?
2
Let s = 124 - -27. Let l = 228 - s. What is the units digit of l?
7
Let d = 11 + -14. Let l be d + (-18)/(-4)*2. Suppose l*v = 10*v - 96. What is the tens digit of v?
2
Suppose 3*u - 10 = 2*u. Let b be (-4)/u - 27/(-5). Suppose -125 = -5*d + b. What is the units digit of d?
6
Let y(j) = 55*j + 1. Suppose -2 = c - 3*c + v, 3*c = 5*v + 3. What is the units digit of y(c)?
6
Let a = -5245 + 8296. What is the tens digit of a?
5
Suppose v + 3*c = 6*c + 2748, 2 = c. What is the units digit of v?
4
Let f be 24/(295/140 - 2). Let t = f - 134. What is the tens digit of t?
9
Let i = 9390 - 3765. What is the thousands digit of i?
5
Suppose -133 = 2*h - 43. Let g = -74 + 10. What is the tens digit of g/(-5)*h/(-18)?
3
Let p = 820 + -167. What is the units digit of p?
3
Let g(b) = 2721*b**2 - 11*b + 1. What is the hundreds digit of g(1)?
7
Suppose 8*i - 9*i + 8 = 0. What is the tens digit of (((-484)/i)/(-11))/(2/4)?
1
Let m be -7*(10 - 17)/((-2)/(-10)). Suppose -91 - m = -6*l. What is the tens digit of l?
5
Let g be -3*3/(-9)*4. Let f be 60/(-3)*g/(-16). Suppose f*d = 96 + 59. What is the units digit of d?
1
What is the hundreds digit of (2 - (-1749)/12)/(33/748)?
3
Let o = 17 - 13. Suppose d = 5*q - 19, 5*q - 15 = o*q + 3*d. Suppose 5*w = -0*w - 3*b + 50, q*b = 3*w - 30. What is the tens digit of w?
1
Let p(x) = 12*x + 1. Suppose 0*r = -5*r + 130. Let w = r - 22. What is the tens digit of p(w)?
4
Suppose 22221 = 11*o + 16*o. What is the units digit of o?
3
Suppose 0 = 3*x - 4*l - 6342, 5*l = 3*x - 9287 + 2942. What is the hundreds digit of x?
1
Suppose -j = -2684 - 422. What is the thousands digit of j?
3
Suppose 5*m + 5*b - 68 = 27, m - 3 = 3*b. Let z be 6/m - 12/5. What is the tens digit of -13 + 39 + 1 + z?
2
Suppose -2*z - 8 = 2. Let n = z - -9. What is the tens digit of 21/n*16/6?
1
Let y(c) = 6*c**3 - 8*c**2 + 21*c + 4. What is the units digit of y(6)?
8
Suppose 10*k = -3*j + 6*k + 990, -4*j = 5*k - 1319. What is the hundreds digit of j?
3
What is the tens digit of (2195 - -9)/(2/4)?
0
Let f(b) = 7*b**2 + 5*b. Let p be f(-2). Let n be 0/(0 + -3) - -3. Suppose 3 + p = n*m. What is the units digit of m?
7
What is the units digit of (-4)/5 - (-4)/((-40)/(-8438))?
3
Let o = -200 - -777. What is the units digit of o?
7
Let z(d) = d**2 + 5*d - 110. What is the units digit of z(10)?
0
Suppose 4*v = -v - 30. Let l = v - -8. What is the units digit of ((-7)/2)/(l/(-4))?
7
Suppose 44 = 5*x + z + 3*z, -5*x = 5*z - 45. Suppose x = -4*s - 0. What is the tens digit of -6*(s - 1) + -3?
1
Let y = -25 - -15. Let t be ((-1)/(-2))/((-5)/y). What is the units digit of 0 + (-7)/(-1)*t?
7
Suppose -2*w = -6, -6*l + 2*w + 559 = -l. Let m = l + -68. What is the tens digit of m?
4
Suppose 0*r = -2*r + 6. Suppose 4*o - 5*z = -o + 215, 2*o + r*z - 86 = 0. Let n = o - -8. What is the units digit of n?
1
Suppose -p = 5*u + 10, 7 - 1 = -2*p - 3*u. Let w(o) = 3*o - 98. Let k(m) = -m + 33. Let b(i) = -11*k(i) - 4*w(i). What is the tens digit of b(p)?
2
Suppose -2*a = -0 + 4. Let p(f) = 4*f**2 - f + 6. Let t(z) = -z**3 - 9*z**2 + 3*z - 12. Let m(u) = a*t(u) - 5*p(u). What is the units digit of m(3)?
7
Suppose 308 = 4*r + 2*m, -6 = 4*m - m. Suppose 0 = 8*t - 5*t - r. Let h = 47 - t. What is the tens digit of h?
2
Let v(g) = -158*g - 136. What is the hundreds digit of v(-3)?
3
Suppose -3*p = -2*v - 344, 2*v - 4*v - p - 344 = 0. Let o = -114 - v. What is the units digit of o?
8
Let y(c) = c - 2. Let h be y(2). Suppose h = -0*x - 5*x. Suppose x = 4*g + 29 - 113. What is the tens digit of g?
2
Suppose -5*a - 4*f + 6179 = -2599, 2*a - 4*f = 3528. What is the tens digit of a?
5
Let u = 6 + -4. Suppose 0 = u*t + 2*t - 20. Suppose 15 = t*v + 5. What is the units digit of v?
2
What is the tens digit of ((-234)/(-4))/((-1)/7)*-2?
1
Let c(a) = 17*a + 6. Let r be -2 + 7 + (4 + -2 - 1). What is the units digit of c(r)?
8
Let a = -4155 - -7373. What is the hundreds digit of a?
2
Let a = 3273 + -2153. Suppose 5*r = -2*r + a. What is the units digit of r?
0
Let d(c) = -2*c**2 - c - 1. Let z be d(-2). Let u = -7 - z. Suppose u = 3*p - 2*n + 7*n - 6, 3*n - 6 = -3*p. What is the units digit of p?
2
Let i(c) = 25*c**2 + 4*c + 35. What is the tens digit of i(12)?
8
Let f be (1 + 1 + 12)/(6 + -4). Suppose -x + 62 = -f. What is the units digit of x?
9
Let h = -18 + 20. Suppose h*a - 1946 = -0*a - 3*m, -m = 5*a - 4878. What is the units digit of (-4)/(-14) + a/112?
9
Let f(r) = -23*r - 2. What is the tens digit of f(-2)?
4
Let p = -458 + 772. What is the tens digit of p?
1
Let d(v) = -v**3 - 16*v**2 + v + 16. Suppose 2*t = 3*m + 38, -2*m + m - 11 = -t. Let h be d(m). Suppose h = -2*l + 34 + 70. What is the units digit of l?
2
Let k(t) be the second derivative of -t**5/120 + 3*t**4/2 + t**3/6 - 10*t. Let h(s) be the second derivative of k(s). What is the tens digit of h(0)?
3
Suppose 0 = -i - 6 + 11. Suppose 3*k = 5*m + 94 + 114, 0 = i*k + m - 328. What is the tens digit of k?
6
Suppose -5504 = -17*h + 752. What is the tens digit of h?
6
Let d(j) = 2*j**2 + 11*j - 455. What is the units digit of d(23)?
6
Suppose 4*b = -r + 140 - 11, r + 5*b = 133.